{"id":4,"date":"2014-01-19T16:22:07","date_gmt":"2014-01-19T16:22:07","guid":{"rendered":"http:\/\/cotongardens.com\/?page_id=4"},"modified":"2025-10-26T09:55:06","modified_gmt":"2025-10-26T07:55:06","slug":"start","status":"publish","type":"page","link":"https:\/\/cotongardens.com\/","title":{"rendered":"Coton Garden\u00b4s kennel"},"content":{"rendered":"<p style=\"text-align: center;\" align=\"center\"><img loading=\"lazy\" decoding=\"async\" class=\"aligncenter\" src=\"http:\/\/www.cotongardens.com\/foton\/wwvinnaregrupp.jpg\" alt=\"\" width=\"300\" height=\"426\" \/>Som de av v\u00e5ra st\u00f6rsta framg\u00e5ngar hittills kan n\u00e4mnas <strong>V\u00e4rldsvinnarutst\u00e4llningarna 2008<\/strong><strong> OCH 2010<\/strong> d\u00e5 vi vann \u00f6ver samtliga uppf\u00f6dargrupper inom rasen\u00a0 &#8211; det var STORT och vi gl\u00e4ds fortfarande \u00e5t det!<\/p>\n<p style=\"text-align: center;\"><img loading=\"lazy\" decoding=\"async\" class=\"aligncenter\" src=\"http:\/\/www.cotongardens.com\/foton\/startanimation.gif\" alt=\"\" width=\"276\" height=\"172\" \/>Vi f\u00f6der sm\u00e5skaligt upp rasen Coton de Tulear som funnits hos oss sedan 1993. V\u00e5rt m\u00e5l \u00e4r att f\u00f6da upp rastypiska individer utan att f\u00f6rbise sundhet och ett utm\u00e4rkt temperament.<\/p>\n<p style=\"text-align: center;\">Vi finns p\u00e5 \u00c5land, Finland.<\/p>\n<p style=\"text-align: center;\">\u00a0<\/p>\n\n","protected":false},"excerpt":{"rendered":"<p>Som de av v\u00e5ra st\u00f6rsta framg\u00e5ngar hittills kan n\u00e4mnas V\u00e4rldsvinnarutst\u00e4llningarna 2008 OCH 2010 d\u00e5 vi vann \u00f6ver samtliga uppf\u00f6dargrupper inom rasen\u00a0 &#8211; det var STORT och vi gl\u00e4ds fortfarande \u00e5t det! Vi f\u00f6der sm\u00e5skaligt upp rasen Coton de Tulear som funnits hos oss sedan 1993. V\u00e5rt m\u00e5l \u00e4r att f\u00f6da upp rastypiska individer utan att &hellip; <a href=\"https:\/\/cotongardens.com\/\" class=\"more-link\">Forts\u00e4tt l\u00e4sa <span class=\"screen-reader-text\">Coton Garden\u00b4s kennel<\/span> <span class=\"meta-nav\">&rarr;<\/span><\/a><\/p>\n","protected":false},"author":1,"featured_media":0,"parent":0,"menu_order":0,"comment_status":"closed","ping_status":"closed","template":"","meta":{"footnotes":""},"_links":{"self":[{"href":"https:\/\/cotongardens.com\/index.php?rest_route=\/wp\/v2\/pages\/4"}],"collection":[{"href":"https:\/\/cotongardens.com\/index.php?rest_route=\/wp\/v2\/pages"}],"about":[{"href":"https:\/\/cotongardens.com\/index.php?rest_route=\/wp\/v2\/types\/page"}],"author":[{"embeddable":true,"href":"https:\/\/cotongardens.com\/index.php?rest_route=\/wp\/v2\/users\/1"}],"replies":[{"embeddable":true,"href":"https:\/\/cotongardens.com\/index.php?rest_route=%2Fwp%2Fv2%2Fcomments&post=4"}],"version-history":[{"count":24,"href":"https:\/\/cotongardens.com\/index.php?rest_route=\/wp\/v2\/pages\/4\/revisions"}],"predecessor-version":[{"id":847,"href":"https:\/\/cotongardens.com\/index.php?rest_route=\/wp\/v2\/pages\/4\/revisions\/847"}],"wp:attachment":[{"href":"https:\/\/cotongardens.com\/index.php?rest_route=%2Fwp%2Fv2%2Fmedia&parent=4"}],"curies":[{"name":"wp","href":"https:\/\/api.w.org\/{rel}","templated":true}]}}