{"id":119,"date":"2014-01-24T21:39:46","date_gmt":"2014-01-24T19:39:46","guid":{"rendered":"http:\/\/cotongardens.com\/?page_id=119"},"modified":"2024-06-24T13:34:21","modified_gmt":"2024-06-24T11:34:21","slug":"om-oss-uppfodare","status":"publish","type":"page","link":"http:\/\/cotongardens.com\/?page_id=119","title":{"rendered":"Om oss uppf\u00f6dare"},"content":{"rendered":"<p style=\"text-align: center;\"><img decoding=\"async\" src=\"http:\/\/www.cotongardens.com\/foton\/beachdanmark.JPG\" alt=\"\" \/><\/p>\n<p class=\"style38\" style=\"font-size: 14px; color: #000000; line-height: 20px; margin: 0px; font-family: Arial, Helvetica, sans-serif; font-style: normal; font-variant: normal; font-weight: normal; letter-spacing: normal; orphans: auto; text-indent: 0px; text-transform: none; white-space: normal; widows: auto; word-spacing: 0px; -webkit-text-stroke-width: 0px;\" align=\"center\">Fr\u00e5n v\u00e4nster: Maria S\u00f6derlund med Tussa och Fanny, Kattis Lindholm med Thyra och Kimi, Tatjana Berglund med Molltass och Mira<\/p>\n<p class=\"style38\" style=\"font-size: 14px; color: #000000; line-height: 20px; margin: 0px; font-family: Arial, Helvetica, sans-serif; font-style: normal; font-variant: normal; font-weight: normal; letter-spacing: normal; orphans: auto; text-indent: 0px; text-transform: none; white-space: normal; widows: auto; word-spacing: 0px; -webkit-text-stroke-width: 0px;\" align=\"center\"><a href=\"http:\/\/cotongardens.com\/wp-content\/uploads\/2014\/01\/dennsihjalp.jpg\"><img loading=\"lazy\" decoding=\"async\" class=\"alignnone size-medium wp-image-158\" src=\"http:\/\/cotongardens.com\/wp-content\/uploads\/2014\/01\/dennsihjalp-287x300.jpg\" alt=\"dennsihjalp\" width=\"287\" height=\"300\" srcset=\"http:\/\/cotongardens.com\/wp-content\/uploads\/2014\/01\/dennsihjalp-287x300.jpg 287w, http:\/\/cotongardens.com\/wp-content\/uploads\/2014\/01\/dennsihjalp.jpg 509w\" sizes=\"(max-width: 287px) 100vw, 287px\" \/><\/a><\/p>\n<p class=\"style38\" style=\"font-size: 14px; color: #000000; line-height: 20px; margin: 0px; font-family: Arial, Helvetica, sans-serif; font-style: normal; font-variant: normal; font-weight: normal; letter-spacing: normal; orphans: auto; text-indent: 0px; text-transform: none; white-space: normal; widows: auto; word-spacing: 0px; -webkit-text-stroke-width: 0px;\" align=\"center\">P\u00e5 Bilden ovan: Cassandra S\u00f6derlund som under barn- och ton\u00e5ren \u00e4ven st\u00e4llde ut hundar med framg\u00e5ng!<\/p>\n<p align=\"center\">\n<p class=\"style38\" style=\"font-size: 14px; color: #000000; line-height: 20px; margin: 0px; font-family: Arial, Helvetica, sans-serif; font-style: normal; font-variant: normal; font-weight: normal; letter-spacing: normal; orphans: auto; text-indent: 0px; text-transform: none; white-space: normal; widows: auto; word-spacing: 0px; -webkit-text-stroke-width: 0px;\" align=\"center\">Officiellt \u00e4r det en \u00e4gare till Coton Gardens kennel, Maria S\u00f6derlund.<\/p>\n<p style=\"text-align: center;\">Jag, Maria S\u00f6derlund skaffade den f\u00f6rsta Coton de Tulear till \u00c5land 1993 ( charmiga, underbara Rifelin Jadelle &#8221;Tuffa&#8221;) och jag startade kenneln 1995. Jag s\u00f6kte en liten beh\u00e4ndig ras med lagom l\u00e5ng p\u00e4ls som skulle vara rolig att st\u00e4lla ut och tr\u00e4na agility med. Vid den tiden f\u00f6reskrev rasstandarden 8 cm l\u00e5ng p\u00e4ls &#8211; alldeles lagom tyckte jag. Naturligtvis var ocks\u00e5 det s\u00f6ta utseendet, sundheten och den sp\u00e4nnande rashistorien som p\u00e5verkade rasvalet. Rasen var d\u00e5 \u00e4nnu ovanlig i Finland. F\u00f6rutom utst\u00e4llningar blev det mycket agility och t\u00e4vlingslydnad. Under \u00e5rens lopp har vi haft n\u00e5gra hundar som visat framtassarna i agility, h\u00f6gsta klassen.\u00a0 Familjen Nisse Lindholm med dottern Kattis ansl\u00f6t sig till kenneln \u00e5r 2000 d\u00e5 deras intresse hade vuxit till b\u00e5de utst\u00e4llningar och avelsplaner. Deras tikvalp var fr\u00e5n mig och jag s\u00e5g nyttan av att vara fler inom kenneln. Otroligt roligt vi hade de \u00e5ren tillsammans men med tiden blir det alltid f\u00f6r\u00e4ndringar.\u00a0 Nisse och Kattis gick ur kenneln \u00e5r 2017 d\u00e5 de lade ner sina avelsplaner.\u00a0 \u00a0Tatjana Berglund forts\u00e4tter dock med sitt samarbete med kennel. \u00a0Vi delar medg\u00e5ngar och motg\u00e5ngar. Inte minst utst\u00e4llningsresor, letandet av hanhundar, \u00a0valpningar etc underl\u00e4ttas otroligt n\u00e4r vi \u00e4r fler, vi har ofta ont i skrattgroparna efter ett &#8221;event&#8221;. V\u00e5ra uppf\u00f6dningar finns i Finland, Sverige och Norge<\/p>\n<p><a style=\"font-weight: bold; background-color: transparent;\" href=\"http:\/\/cotongardens.com\/wp-content\/uploads\/2024\/06\/tuffaflytvast.jpg\"><img loading=\"lazy\" decoding=\"async\" class=\"wp-image-773 size-full aligncenter\" src=\"http:\/\/cotongardens.com\/wp-content\/uploads\/2024\/06\/tuffaflytvast.jpg\" alt=\"\" width=\"226\" height=\"166\" \/><\/a><\/p>\n<p style=\"text-align: center;\">Tuffa, den f\u00f6rsta cotten p\u00e5 \u00c5land \u00e5r 1993. Valpbild<\/p>\n<p>&nbsp;<\/p>\n","protected":false},"excerpt":{"rendered":"<p>Fr\u00e5n v\u00e4nster: Maria S\u00f6derlund med Tussa och Fanny, Kattis Lindholm med Thyra och Kimi, Tatjana Berglund med Molltass och Mira P\u00e5 Bilden ovan: Cassandra S\u00f6derlund som under barn- och ton\u00e5ren \u00e4ven st\u00e4llde ut hundar med framg\u00e5ng! Officiellt \u00e4r det en \u00e4gare till Coton Gardens kennel, Maria S\u00f6derlund. Jag, Maria S\u00f6derlund skaffade den f\u00f6rsta Coton de &hellip; <a href=\"http:\/\/cotongardens.com\/?page_id=119\" class=\"more-link\">Forts\u00e4tt l\u00e4sa <span class=\"screen-reader-text\">Om oss uppf\u00f6dare<\/span> <span class=\"meta-nav\">&rarr;<\/span><\/a><\/p>\n","protected":false},"author":1,"featured_media":0,"parent":10,"menu_order":0,"comment_status":"closed","ping_status":"closed","template":"","meta":{"footnotes":""},"_links":{"self":[{"href":"http:\/\/cotongardens.com\/index.php?rest_route=\/wp\/v2\/pages\/119"}],"collection":[{"href":"http:\/\/cotongardens.com\/index.php?rest_route=\/wp\/v2\/pages"}],"about":[{"href":"http:\/\/cotongardens.com\/index.php?rest_route=\/wp\/v2\/types\/page"}],"author":[{"embeddable":true,"href":"http:\/\/cotongardens.com\/index.php?rest_route=\/wp\/v2\/users\/1"}],"replies":[{"embeddable":true,"href":"http:\/\/cotongardens.com\/index.php?rest_route=%2Fwp%2Fv2%2Fcomments&post=119"}],"version-history":[{"count":18,"href":"http:\/\/cotongardens.com\/index.php?rest_route=\/wp\/v2\/pages\/119\/revisions"}],"predecessor-version":[{"id":777,"href":"http:\/\/cotongardens.com\/index.php?rest_route=\/wp\/v2\/pages\/119\/revisions\/777"}],"up":[{"embeddable":true,"href":"http:\/\/cotongardens.com\/index.php?rest_route=\/wp\/v2\/pages\/10"}],"wp:attachment":[{"href":"http:\/\/cotongardens.com\/index.php?rest_route=%2Fwp%2Fv2%2Fmedia&parent=119"}],"curies":[{"name":"wp","href":"https:\/\/api.w.org\/{rel}","templated":true}]}}